 v(n) = 83*n + 13942. Give v(-168).
-2
Let t(b) = 548*b + 28505. Determine t(-52).
9
Let m(n) = -2*n**3 + 25*n**2 - 65*n + 654. Calculate m(12).
18
Let b(o) = -o**2 - 106*o - 368. Calculate b(0).
-368
Let o(h) = -h**3 + 2*h**2 + 9*h + 26. Determine o(5).
-4
Let n(q) = q**2 + 45*q + 49. Determine n(-46).
95
Let i(f) = f**3 - 3*f**2 - 65*f + 33. Give i(-7).
-2
Let s(g) = 178*g**2 - 12*g - 11. Determine s(-1).
179
Let n(o) = -6*o**3 - 4*o**2 - 2*o + 5. Calculate n(2).
-63
Let t(v) = 16*v**2 - 18*v + 20. What is t(5)?
330
Let j(x) = -x**3 - 43*x**2 - 454*x - 66. What is j(-18)?
6
Let h(l) = l**3 - 17*l**2 + 55*l - 90. What is h(16)?
534
Let x(j) = 6*j**2 + 19*j - 83. Calculate x(4).
89
Let f(y) = y**3 + 42*y**2 + 28*y - 90. What is f(-41)?
443
Let r(g) = 26*g - 1133. What is r(44)?
11
Let z(h) = 21*h - 574. Calculate z(32).
98
Let r(j) = -55*j - 94. Give r(-6).
236
Let i(n) = 24*n - 2391. Calculate i(92).
-183
Let o(q) = 2*q + 544. What is o(-3)?
538
Let t(p) = -3*p**2 - 20*p - 1. Calculate t(-6).
11
Let m(y) = -y**3 - 25*y**2 - 160*y - 89. What is m(-14)?
-5
Let d(k) = -k**3 + 14*k**2 - 96*k + 1492. Give d(14).
148
Let r(g) = g**3 + 11*g**2 + 19*g + 21. Calculate r(-9).
12
Let r(b) = b**3 + 8*b**2 + 15*b + 41. Calculate r(-6).
23
Let j(t) = -181*t - 4174. What is j(-23)?
-11
Let o(h) = -14*h**2 - 61*h - 25. What is o(-3)?
32
Let g(d) = 13631*d + 340779. Calculate g(-25).
4
Let f(c) = c**3 - 102*c**2 + 921*c - 20. Calculate f(10).
-10
Let u(g) = -486*g**2 - g - 13. Give u(0).
-13
Let p(h) = 2*h**3 - h**2 - 2*h + 9. What is p(3)?
48
Let u(f) = 1042*f - 5180. Determine u(5).
30
Let u(n) = 13*n**2 - 53*n + 14. Determine u(4).
10
Let v(k) = -923*k + 5544. Determine v(6).
6
Let z(v) = -2*v**3 - 7*v**2 - 18. Give z(-4).
-2
Let r(g) = 59*g - 3009. Calculate r(51).
0
Let n(c) = 7*c**2 - 65*c + 1. Determine n(8).
-71
Let s(v) = 3*v**3 - 10*v**2 - 43*v - 15. Give s(-4).
-195
Let q(v) = -44*v + 1757. Determine q(40).
-3
Let t(l) = -l**2 + 27*l - 230. What is t(9)?
-68
Let k(s) = 5*s**3 - 27*s**2 - s + 38. Give k(5).
-17
Let a(b) = -b**2 + 8*b - 74. Determine a(17).
-227
Let n(x) = -42*x - 830. Calculate n(-20).
10
Let o(w) = -w**3 - w**2 + 41*w - 10. What is o(6)?
-16
Let a(w) = 18*w**2 + 465*w - 79. Calculate a(-26).
-1
Let f(b) = -27*b**3 - 4*b**2 + 15*b - 19. What is f(2)?
-221
Let h(f) = -2*f**2 - 70*f - 538. Give h(-27).
-106
Let k(z) = 20*z**3 - 2*z**2 + 8*z + 2. What is k(0)?
2
Let g(r) = -r**3 - 24*r**2 - 128*r + 3. What is g(-8)?
3
Let d(f) = -39*f**2 + 142*f + 55. What is d(4)?
-1
Let c(v) = -742*v - 3762. Give c(-5).
-52
Let f(b) = 14*b - 279. Calculate f(15).
-69
Let y(o) = -86*o - 1729. Give y(-20).
-9
Let b(n) = n**3 - 43*n**2 - 161*n - 1271. Give b(47).
-2
Let k(n) = -n**2 + 2*n + 139. Give k(-15).
-116
Let v(f) = -f**3 - 10*f**2 - 6*f + 87. Determine v(-8).
7
Let z(q) = -9*q**3 + 120*q**2 - 36*q - 34. Determine z(13).
5
Let f(n) = n**3 - 18*n**2 - 10*n + 44. Determine f(18).
-136
Let s(u) = -55*u + 3435. What is s(59)?
190
Let q(n) = 72*n + 1653. Calculate q(-23).
-3
Let o(q) = -4*q**2 + 43*q - 318. Give o(6).
-204
Let u(j) = -129*j + 646. Give u(5).
1
Let a(f) = -50*f**3 + 5*f**2 + 11*f - 15. Calculate a(2).
-373
Let q(i) = -3*i**2 - 72*i + 2451. Determine q(-43).
0
Let v(b) = 250*b - 18497. Calculate v(74).
3
Let m(r) = -67*r + 29. Calculate m(-3).
230
Let c(s) = 3*s**3 - 20*s**2 + 2*s - 8. Calculate c(7).
55
Let t(b) = 38*b - 25. What is t(3)?
89
Let b(a) = -a**3 - 9*a**2 + 43*a + 223. Give b(-11).
-8
Let m(a) = -3*a**3 + 57*a**2 + 5*a - 47. What is m(19)?
48
Let u(i) = -2*i**2 - 47*i - 32. Determine u(6).
-386
Let b(h) = h**3 - 18*h**2 + 85*h + 20. Calculate b(8).
60
Let f(n) = 3*n**3 - 20*n**2 + n - 56. Give f(7).
0
Let u(d) = -4471*d - 107298. Determine u(-24).
6
Let l(f) = 3230*f - 45201. Determine l(14).
19
Let b(g) = -8*g**2 - 12*g - 4. Give b(6).
-364
Let q(t) = 4*t**2 - 313*t + 665. Give q(76).
-19
Let z(d) = 18*d - 1580. Determine z(89).
22
Let h(w) = 9*w**2 + 32*w + 153. Determine h(-7).
370
Let w(u) = 41*u + 168. Give w(-4).
4
Let d(x) = -x**3 + 41*x**2 - 37*x - 112. Determine d(40).
8
Let c(p) = -p**2 + 63*p - 488. What is c(9)?
-2
Let l(y) = 33*y**2 - 11. What is l(-4)?
517
Let s(a) = -7*a + 695. Give s(104).
-33
Let s(u) = -9*u + 208. Determine s(-9).
289
Let t(i) = 146*i**2 - 2353*i + 266. Calculate t(16).
-6
Let d(k) = -2*k**2 - 49*k + 34. What is d(-24)?
58
Let s(p) = 2*p**2 + 114*p - 36. Calculate s(-61).
452
Let y(j) = -79*j - 121. Give y(-2).
37
Let q(u) = u**3 + 9*u**2 + 29*u + 18. Determine q(-8).
-150
Let b(w) = -w**2 - 18*w + 169. What is b(-23)?
54
Let b(f) = -2*f**2 + 75*f - 435. Determine b(7).
-8
Let r(v) = -85*v**2 - 812*v - 811. Determine r(-1).
-84
Let w(g) = -10*g**2 - 94*g - 10. What is w(-9)?
26
Let z(a) = -a**3 + 22*a**2 + 23*a - 28. Calculate z(23).
-28
Let w(s) = -3*s**2 - 426*s - 8210. Calculate w(-23).
1
Let m(t) = 26*t + 299. Calculate m(-20).
-221
Let g(m) = 9244*m - 27731. Determine g(3).
1
Let f(b) = -20*b**3 + 79*b**2 + 20. Calculate f(4).
4
Let z(y) = -25*y - 20. What is z(-5)?
105
Let v(r) = 21*r**2 - 175*r - 130. Give v(9).
-4
Let u(g) = 2*g + 12. Give u(42).
96
Let h(o) = o**3 - 34*o**2 - 71*o - 60. Determine h(36).
-24
Let q(l) = 121*l**2 - 3389*l + 12. Calculate q(28).
-16
Let w(u) = -243*u + 497. What is w(3)?
-232
Let w(x) = -x**2 - 36*x - 256. Determine w(-12).
32
Let p(z) = z**2 + 333*z - 14915. Calculate p(40).
5
Let t(y) = y**2 - 102*y - 416. What is t(106)?
8
Let w(m) = -m**2 + 35*m - 68. Calculate w(32).
28
Let x(y) = -6*y**2 - 138*y - 249. What is x(-21)?
3
Let o(l) = -52*l**2 + 24*l - 1. What is o(-4)?
-929
Let w(b) = -2*b**2 + 24828*b + 124195. Determine w(-5).
5
Let d(f) = -f**3 - 5*f**2 + 7*f - 18. What is d(-4)?
-62
Let d(z) = z**2 + 12*z + 94. Determine d(-10).
74
Let a(t) = -146*t + 1342. Calculate a(9).
28
Let m(n) = 6*n**2 - 2*n - 118. What is m(7)?
162
Let y(x) = 396*x + 60994. Give y(-154).
10
Let d(k) = k**3 + 2*k**2 + 92*k + 15. What is d(0)?
15
Let w(l) = l**3 + 8*l**2 - 27*l - 200. What is w(-8)?
16
Let j(n) = n**2 - 61*n - 700. Calculate j(-10).
10
Let r(p) = 2909*p + 8662. Determine r(-3).
-65
Let g(u) = -44*u - 225. Give g(-9).
171
Let f(a) = 2*a**3 - 14*a**2 + 48*a - 214. Calculate f(6).
2
Let k(i) = -6*i**3 + 37*i**2 - 294*i + 1717. Calculate k(6).
-11
Let h(v) = -5*v**2 + 16*v - 36. Calculate h(6).
-120
Let o(f) = -59*f + 272. Give o(5).
-23
Let d(o) = -o**3 + 12*o**2 + 82*o - 924. Calculate d(13).
-27
Let z(g) = -g**3 + 21*g**2 + 44*g + 82. Determine z(23).
36
Let j(r) = 15*r**2 + 254*r + 11. Determine j(-17).
28
Let b(m) = m**2 + 32*m - 80. Give b(-34).
-12
Let b(k) = k**2 + 2065*k - 16582. What is b(8)?
2
Let x(d) = -d**2 + 258*d - 12238. Give x(62).
-86
Let o(j) = j**2 - 180*j + 865. What is o(5)?
-10
Let q(d) = 6*d**2 + 90*d + 84. Calculate q(-18).
408
Let x(j) = -6*j**3 - 4*j**2 + 17*j - 3. What is x(2)?
-33
Let y(v) = -2*v**3 + 22*v**2 - 38*v + 17. Determine y(9).
-1
Let i(c) = c**2 + 24*c - 79. Calculate i(-27).
2
Let m(w) = w**3 + 10*w**2 + 2*w - 27. What is m(-8)?
85
Let p(a) = a**2 + 28*a - 20. Determine p(-28).
-20
Let a(n) = 104*n - 1182. Determine a(12).
66
Let u(b) = b**3 + b**2 - 10*b + 17. Give u(4).
57
Let h(z) = -4*z**2 - 12*z - 43. Give h(-4).
-59
Let y(h) = -18*h**2 - 19*h + 18. Determine y(5).
-527
Let c(t) = -t**3 - 2*t**2 + 141*t - 26. What is c(-13)?
0
Let p(t) = t**3 - 25*t**2 - 231*t - 42. What is p(-7)?
7
Let y(g) = 17*g**2 - 109*g + 2. What is y(8)?
218
Let z(y) = -41*y - 770. Give z(-21).
91
Let s(n) = -3*n**2 - 1200*n + 3605. What is s(3)?
-22
Let i(y) = -169*y + 38195. Determine i(226).
1
Let y(o) = 4626*o + 9234. Calculate y(-2).
-18
Let h(s) = -12*s**3 - 71*s**2 + 9*s + 13. Give h(-6).
-5
Let q(z) = -z**3 + 12*z**2 - 20*z + 5. Determine q(5).
80
Let g(l) = -728*l**2 - 4372*l - 30. Give g(-6).
-6
Let n(g) = -g**2 + 96*g - 2095. What is n(61)?
40
Let x(y) = 6*y**2 + 11*y + 22. Give x(-4).
74
Let c(f) = 11*f**3 - 88*f**2 + 4*f - 34. Give c(8).
-2
Let i(n) = 539*n + 1977. What is i(-5)?
-718
Let i(s) = -3*s - 595. Give i(-76).
-367
Let x(r) = 3*r**2 - 721*r + 8869. Give x(13).
3
Let a(n) = 185*n + 9069. Give a(-49).
4
Let i(d) = -d**3 + 84*d**2 - 19*d + 1555. Give i(84).
-41
Let z(a) = -a**3 + a**2 - 378*a + 115. Calculate z(0